 3*c + 4*t. Let y be (-4)/(-18)*2*(-135)/(-30). Let j(d) = -d - 12*d**2 - 1 + 44*d**2 - 15*d**2 - 8*d**2 - 8*d**y. What is j(c)?
1
Let i be -4 + 2/(-1) - (-5)/5. Let t(v) = -2*v**3 - 10*v**2 + 4*v + 12. Calculate t(i).
-8
Let m(r) = -7*r**3 + 0*r**2 + 4 - 16*r + 0*r**2 + 15*r + 2*r**2. Let f(w) = -3*w**2 + 4*w**2 + 3 - 2. Let k(n) = -4*f(n) + m(n). Determine k(-1).
6
Let z(d) = -22*d - 2. Let c(f) = -5*f + 1. Let o(w) = 4*c(w) - z(w). Let j(x) = -x + 2 - 5 - 2. Let i(a) = -5*j(a) - 4*o(a). Calculate i(4).
-11
Let a = 4043 + -4044. Let k(f) = -24*f**3 + 2*f**2 + f. Give k(a).
25
Let f(i) = 18*i - 130. Suppose -5*x + 2*x + 2*a + 23 = 0, a - 20 = -3*x. Determine f(x).
-4
Let n(p) = 3*p**3 - 5*p**2 + p + 2. Let m = -43 - -46. Let y be n(m). Let s = -37 + y. Let o(v) = -v + 2. Give o(s).
-2
Let n(t) be the first derivative of 7*t**3/3 + 5*t + 3. Let c(a) = -6*a**2 - a - 5. Let r(x) = -6*c(x) - 5*n(x). What is r(-7)?
12
Let r(x) = -2*x + 24. Let i = -3015 + 3030. What is r(i)?
-6
Let t be 3*6/4*(-68)/(-9). Let w be (-2)/(-10) + 3*t/15. Suppose w*o + 72 = 23. Let x(v) = -v**3 - 8*v**2 - 8*v - 7. Determine x(o).
0
Let p be (4 + -1 + -3)/(-1). Let s(y) = -12 + y + 6 + 3 + 4. Let q(c) = -3*c + 2. Let r(k) = q(k) + 2*s(k). Calculate r(p).
4
Let j = 2359 + -2365. Let t(n) = -3*n**2 - 16*n + 9. Give t(j).
-3
Let z(v) = -174322 - v + v**3 - 3*v**2 + 2*v**2 + 174315. Calculate z(0).
-7
Let j(k) = k**3 + 4*k**2 - 2*k - 6. Let v = 37 - 53. Let i = 21 + v. Suppose -5*b + i*m = -9 + 34, 2 = 2*m. Calculate j(b).
2
Let g(q) be the first derivative of 4*q**3/3 + 9*q**2/2 - q + 1. Let z be 25800/6364 + 2/(-37) - 7. Give g(z).
8
Let a(o) = -2*o**3 + 3*o**2 + o. Let b be a(-1). Let p(w) = 34*w - b + w**2 - 14*w - 15*w. What is p(-5)?
-4
Let c(v) = 24*v - 814. Let r be c(34). Let h(k) = -5*k + 4. What is h(r)?
-6
Let l(c) = c**2 - 6*c + 7. Let m be l(4). Let f(r) = -2*r + 15702 + r - 2*r**2 + r**2 - 15703. Let d(s) = 2*s + 7. Let x(n) = m*d(n) - f(n). What is x(0)?
-6
Let t be (-14)/(-6) + 729/(-324). Let c(f) be the third derivative of -33*f**2 + 0 + 0*f - t*f**4 - 1/3*f**3. Calculate c(6).
-14
Suppose -1552*c + 1588*c = -504. Let u(g) = g - 22. Calculate u(c).
-36
Let a(v) = -v**3 + 4*v**2 + v. Let n be (225/27)/((-2)/(-66)). Let i be ((-4)/10)/((-22)/n). Let j be -3*((-10)/i - 2/(-3)). Calculate a(j).
4
Let i(s) be the second derivative of 0 + s + 1/6*s**4 + s**2 + 0*s**3. Let o(a) = -a**2 + a - 2. Let d(z) = -2*i(z) - 3*o(z). Give d(-4).
-2
Suppose z - n + 7 = -0, -5*z - n = 11. Let a = -2 - z. Let l(v) be the first derivative of 2*v**3 - v**2/2 - 219. Give l(a).
5
Let x(c) = -67*c**2 + 19*c + 499. Let i(a) = 40*a**2 - 9*a - 249. Let g(y) = 5*i(y) + 3*x(y). What is g(-11)?
-1
Let s(m) = 2*m + 1. Let f(b) be the first derivative of b**4/4 + 29*b**3/3 + 14*b**2 - 9*b + 125. Let c be f(-28). Calculate s(c).
-17
Let m = 97 + -85. Let j be (-9)/(-2)*m/(-18). Let s(x) = -2*x**2 - 4*x - 3. Determine s(j).
-9
Let t(z) be the third derivative of -z**5/10 - z**4/24 - z**3/6 + z**2. Let i be (-1 - 0)*(-4)/(-4) + 3. Suppose f + 3*b = i, 2*f + 1 = 4*b - 5. Calculate t(f).
-6
Suppose 2*r = 5*s - 0*s - 43, -4*s + r = -32. Let i(p) be the second derivative of -p**5/20 + p**4/2 + 7*p**3/6 + 7*p**2/2 + 3*p + 10. Determine i(s).
7
Let l(c) = -c + 5. Let b be l(8). Let g(z) = z**3 - 7*z**2 - z + 7. Let v be g(7). Let f(d) = -12272*d**3 + 5*d**2 + 12273*d**3 + v*d**2 + 2. Give f(b).
20
Let h(f) = -3*f + 3*f - f + 2*f + 7. Let r = -31 + 28. Let x be 12*(-2)/r*(-24)/32. What is h(x)?
1
Suppose -3*h - 2*r + 2 = 0, -3*r = h - 6*h + 16. Let k(x) = x - 3. Let m be k(12). Let q(b) = -m*b - 19*b**2 - 5 + 33*b**2 - 15*b**h. Give q(-8).
3
Suppose -6*u - 5 = -23. Let h(r) = -2*r - 1 + 7 + u + r. What is h(11)?
-2
Let z be 0/((13 + -1)/4). Suppose 4*d - 14 + 2 = z. Let r(u) = u**3 + 8*u - 13*u + 0*u**3 - 4*u**2 - d. Calculate r(5).
-3
Let p(s) = -3*s**3 - 3*s**2 + 16*s + 34. Let k be p(-2). Let x(y) = -y**2 + 21*y - 95. Determine x(k).
3
Let y = -15 + 21. Let f(d) = y*d - 1 + 1420*d**2 - 1419*d**2 + 3. Let i be (-3)/((-1)/4 - -1). Give f(i).
-6
Let c(g) = g - 1. Let o(y) = -2*y**2 - 24*y + 11. Let q(i) = -5*c(i) - o(i). Let u be q(-10). Suppose -u*j + 7 - 15 = 0. Let h(n) = 2*n + 1. Determine h(j).
-3
Let d(b) = -28*b - 44 + b**3 + 11 + 6 - 48 + 24*b**2. Determine d(-25).
0
Suppose 5*t = 13 - 3. Suppose 3*b - 11 = -3*m + 1, 2*m - b = t. Suppose -l = c + 4, -c - 12 = 4*l + m*c. Let q(j) = j + 16. Give q(l).
16
Let w(h) = h + 19 + 81 - 84 - 2*h + h**2 - 3*h**2. Calculate w(3).
-5
Let b = -9 - -1. Let c be 4/b*1*0. Let r(z) = -z**2 + z**2 + 0*z**2 - 1 - z - z**2 + 9. What is r(c)?
8
Let l(y) = 4*y**3 - 34*y**2 + 116*y + 128. Let a(k) = -k**3 + 8*k**2 - 29*k - 33. Let w(h) = -15*a(h) - 4*l(h). Determine w(14).
-31
Suppose -5*d - 2926 + 2941 = 0. Let r(a) = 26*a - 5. Calculate r(d).
73
Let i(s) = s**2 + 5*s + 3. Let o = -327 - -333. Suppose o*m - 15 = 11*m. Give i(m).
-3
Let i = 159717 + -159720. Let b(f) = -1 + 0*f - 8*f**2 + 3 + 2*f + 5*f**3. Let g(q) = -14*q**3 + 23*q**2 - 6*q - 6. Let w(z) = -17*b(z) - 6*g(z). What is w(i)?
5
Let r(f) = f**3 + 11*f**2 - 16*f + 38. Let c(j) = j**3 + 9*j**2 - 15*j + 35. Let a(s) = 9*c(s) - 8*r(s). What is a(8)?
19
Let o(d) be the second derivative of -d**5/20 - d**4/2 - 2*d**3/3 + d**2 + 1245*d. Calculate o(-6).
26
Let f(r) = -20*r + 142. Let v be f(7). Let d(w) = 127 - 4*w**v - 61 - 62. What is d(3)?
-32
Let x(p) = -3*p**2 + 18*p + 23. Let c(f) = -2*f**2 + f + 1. Let r = -593 - -592. Let n(h) = r*x(h) + c(h). Give n(19).
16
Let q(r) = r**2 - 20*r + 62. Suppose 5*a - 5*x - 190 = -145, -3*a = 5*x + 13. Calculate q(a).
-2
Let m(s) = -7*s - 5*s**2 + 0*s**2 + 0*s + 3 + 4*s**2. Let p be m(-7). Let j(a) = -2 - p + 1 + 1 + a. Calculate j(5).
2
Let t(k) = -k - 4. Suppose -i + 192 = -3*l, -l = 3*l + 5*i + 275. Let s = l + 10. Let h = s - -53. Determine t(h).
-2
Suppose 37 = -5*q + 2. Let l(z) = -8*z + z**3 + 6*z**2 + 39 + 5*z - 7*z + 37 - 82. Give l(q).
15
Let l be (0/(60/10 + -7))/1. Let m(v) = 2*v + 3. Let j(w) = -1. Let n(g) = -4*j(g) - m(g). Determine n(l).
1
Let d(w) be the second derivative of w**4/6 - w**3 + 11*w**2/2 - 1728*w. Give d(4).
19
Let b(g) = -g**2 - 4*g + 18. Suppose -123*d - 416 = -8*d + 389. What is b(d)?
-3
Suppose -52 = -5*f + d + 4, -4*f = 4*d - 64. Suppose f*a - 66 = -6. Let y(r) = -6*r + 5 - 7*r**2 + 1 + 8*r**2 - 2. Calculate y(a).
-1
Let b(l) be the first derivative of -l**2/2 - 5*l + 24464. Suppose c + 2*p - 1 = 1, -4*c = -p - 26. Give b(c).
-11
Let z(a) = -75 - a**3 + 80 + 69*a**2 + 3*a - 73*a**2. Determine z(-4).
-7
Let y(a) = 6*a - 1. Suppose 0*q + 4*u + 680 = 3*q, 898 = 4*q - u. Suppose 16*v + 224 = -q. Let g = v + 24. What is y(g)?
-25
Let p(g) be the first derivative of 5*g**2 - 89*g - 2008. Give p(8).
-9
Let p(l) be the third derivative of l**5/60 - 5*l**4/12 - 3*l**3/2 - 19*l**2. Let b be p(11). Let r(t) = -9*t - 2*t**3 - 8 + 11 + 5*t + 3*t**b. Give r(2).
-9
Let l be (-6)/4*(-20)/6. Let u(n) be the second derivative of n**3/3 - 3*n**2/2 + 1577*n. What is u(l)?
7
Suppose -3*i - 44 = 2*r, -r = i + 1 + 14. Let t = i - -14. Let o be t*4*2/16. Let w(h) = h**2 - 3. Calculate w(o).
-3
Suppose 10*n - 13*n + 5*s = 9, 4*s - 20 = -4*n. Let o(r) = 4*r - 6*r**2 - r**3 - 10*r - 2*r**n - 5. Determine o(-7).
-12
Let o(c) = -6*c**2 + 55*c - 83. Let z(w) = 2*w**2 - 9*w + 2. Let h(b) = o(b) + 2*z(b). Calculate h(17).
-28
Suppose 44*d = 47*d + x + 21, 0 = -4*d - 4*x - 44. Let o(g) = -g**3 - 5*g**2 + 2*g + 8. Determine o(d).
-2
Let t(p) = -8 - 61*p - 58*p - 58*p + 0 + 181*p. Determine t(12).
40
Suppose 4*x = u - 7, -3*u + 69 = -4*x + 56. Let a(w) = -119*w**2 + 2*w. Determine a(x).
-121
Let b = -25 + 17. Let j(x) = -118 + 74 + 4*x + 5*x**2 + 39. Let p(f) = 14*f**2 + 11*f - 14. Let r(i) = b*j(i) + 3*p(i). Determine r(-2).
4
Let m(d) = -d**2 + 6*d + 9. Suppose -1774*l + 1717*l - 221 = 64. Determine m(l).
-46
Let a(p) = p**3 - 4*p**2 - 6*p + 7. Let t be a(5). Let k(u) = -u**2 - 4*u + t*u**2 + 7 - 2*u. Let v be k(5). Let f(g) = -g**3 + 2*g**2 - 2*g. What is f(v)?
-4
Let c(h) = 0*h + 0 - 33 - 9 + 33 + h. Determine c(-4).
-13
Let g(j) = j + 45. Suppose 4*c - 1228*s = -1231*s - 217, 0 = -4*s - 28. Calculate g(c).
-4
Let r = -17040 + 17034. Let o(q) = -q**3 + 5*q**2